v(-3).
-5
Let h(b) = -3*b + 12. Calculate h(2).
6
Let o(p) = 2*p**3 + 4*p**2 - 9*p - 2. Determine o(2).
12
Let m(p) = -6*p**3 + 3*p**2 + 8*p + 6. Calculate m(-1).
7
Let h(y) = -y**3 + 58*y**2 - 167*y + 94. Give h(55).
-16
Let f(d) = 8*d**3 - 3*d**2 + 7*d - 5. Give f(1).
7
Let c(f) = 7*f**3 + 2*f**2 - 3*f + 1. Give c(1).
7
Let a(i) = i**3 - 12*i**2 + 19*i + 5. Give a(4).
-47
Let m(i) = -i**3 - 24*i**2 + 26*i - 16. Calculate m(-25).
-41
Let q(l) = -2*l**3 + 3*l + 3. Calculate q(-1).
2
Let n(t) = 2*t - 23. Give n(23).
23
Let h(a) = a**3 - 18*a**2 + 16*a + 28. Calculate h(17).
11
Let s(o) = o**3 + 7*o**2 + 2*o + 16. Determine s(-7).
2
Let j(o) = o + 35. Give j(-26).
9
Let o(a) = 15*a - 2. Calculate o(-1).
-17
Let u(d) = 14*d + 1. Determine u(-4).
-55
Let q(r) = -10*r + 19. What is q(3)?
-11
Let r(i) = -2*i - 4. Give r(0).
-4
Let k(j) = j**3 + 9*j**2 + 28. Give k(-9).
28
Let j(p) = -7*p**2 + 7*p + 5. Give j(-1).
-9
Let r(v) = 4*v**2 - 19*v - 8. What is r(9)?
145
Let y(q) = -q - 21. Calculate y(-13).
-8
Let j(x) = 5*x + 1. What is j(2)?
11
Let j(p) = -3*p**3 + 5*p**2 + 12*p - 7. Determine j(4).
-71
Let d(l) = -l**2 + 11*l - 50. Give d(11).
-50
Let s(l) = -l**3 - 18*l**2 - 20*l - 34. Calculate s(-17).
17
Let g(l) = -l**3 + l**2 + 27*l - 36. Calculate g(5).
-1
Let h(s) = s**2 + 11*s - 88. Give h(-16).
-8
Let x(i) = 343*i - 2403. Give x(7).
-2
Let h(k) = -2*k**2 + 9. Determine h(0).
9
Let n(w) = -81*w**2 + 2. Calculate n(-1).
-79
Let j(v) = v**2 + 16*v - 52. What is j(-12)?
-100
Let m(r) = -3*r - 2. Calculate m(-1).
1
Let v(y) = y**3 + 12*y**2 - 13*y + 17. What is v(-13)?
17
Let w(f) = -f**2 - 18*f - 44. Give w(-14).
12
Let b(r) = r**2 + 4*r - 4. What is b(-8)?
28
Let m(q) = -q**3 + 10*q**2 - q - 2. Calculate m(10).
-12
Let u(a) = 3*a**2 + 62*a + 27. What is u(-18)?
-117
Let x(a) = 13*a**2 + 22*a - 1. What is x(-2)?
7
Let t(w) = -w**3 + 6*w**2 + 3*w + 6. What is t(6)?
24
Let l(x) = x - 16. Calculate l(4).
-12
Let h(a) = a**2 + 17*a - 19. Calculate h(-15).
-49
Let p(b) = -2*b - 74. What is p(-37)?
0
Let q(u) = u**2 + u - 11. What is q(-4)?
1
Let k(c) = c**2 - 11*c + 3. Give k(10).
-7
Let t(d) = d**2 + 18*d - 72. What is t(3)?
-9
Let f(g) = -g**2 + 58*g - 170. Determine f(55).
-5
Let v(b) = -3*b**3 + b**2 + 5*b + 4. Give v(-2).
22
Let k(a) = a**2 - 52*a + 37. Calculate k(51).
-14
Let d(p) = 12*p - 78. Give d(6).
-6
Let g(x) = x**3 - 7*x**2 - 5*x + 2. Give g(4).
-66
Let z(f) = -f**2 + 3*f - 3. What is z(1)?
-1
Let i(k) = -k**2 - 76*k + 488. What is i(6)?
-4
Let o(q) = q**3 - 8*q**2 + 11*q + 10. Give o(6).
4
Let m(f) = 2*f - 3. Determine m(-4).
-11
Let i(l) = 7*l - 82. Give i(13).
9
Let g(v) = v**3 + 4*v**2 - 6*v - 5. What is g(-5)?
0
Let c(m) = 13*m**2 + 2*m - 1. Give c(1).
14
Let m(a) = -40*a - 25. Give m(-1).
15
Let f(o) = 4*o + 20. Calculate f(-3).
8
Let i(x) = -x**3 - 4*x**2 + 5*x + 2. Calculate i(-4).
-18
Let u(g) = -g**3 - 8*g**2 + 14*g + 5. Give u(-9).
-40
Let d(o) = o**2 + 9*o - 9. Give d(-9).
-9
Let a(l) = 6*l + 48. Give a(-10).
-12
Let z(b) = -7*b + 142. What is z(21)?
-5
Let h(a) = -24*a - 189. Give h(-7).
-21
Let j(h) = -h**2 + 16*h + 3. Give j(17).
-14
Let s(d) = 2*d**2 - d - 32. Determine s(6).
34
Let h(c) = -4*c**2 - 109*c - 29. What is h(-27)?
-2
Let s(f) = -17*f + 1. What is s(1)?
-16
Let l(w) = -w - 13. What is l(-9)?
-4
Let h(k) = -k**3 - k**2 + k + 21. Calculate h(0).
21
Let n(s) = s + 11. What is n(10)?
21
Let u(j) = 4*j + 9. Calculate u(-3).
-3
Let a(f) = f**2 + 4*f + 1. Calculate a(-4).
1
Let g(c) = -3*c**2 + 11*c - 4. Calculate g(4).
-8
Let t(c) = -c**2 + 2*c. Give t(0).
0
Let y(c) = c**2 - 6*c + 3. What is y(5)?
-2
Let b(m) = -m**2 + 5*m. What is b(3)?
6
Let w(u) = -u**3 - 13*u**2 + 64*u - 62. Give w(-17).
6
Let v(y) = -8*y + 270. Calculate v(32).
14
Let j(k) = -12*k**3 - 3*k + 2. Calculate j(-2).
104
Let i(g) = g**2 - 8*g + 14. What is i(7)?
7
Let k(p) = 24*p**3 - 4*p**2 + 2*p. Calculate k(2).
180
Let j(h) = -2*h**3 + 3*h - 2. Give j(-3).
43
Let b(w) = 2*w**2 - 16*w - 34. Give b(10).
6
Let f(d) = d - 4. Determine f(1).
-3
Let i(g) = g**2 + 45*g - 14. Determine i(0).
-14
Let r(j) = 3*j**2 - 12*j + 4. What is r(8)?
100
Let k(c) = -c**3 - 25*c**2 - 22*c + 26. Give k(-24).
-22
Let m(u) = u**3 - 62*u**2 - 130*u + 117. Calculate m(64).
-11
Let s(i) = -3*i**2 - 28*i + 27. Calculate s(-10).
7
Let a(j) = -16*j**3 - j. Determine a(-1).
17
Let x(t) = t**2 + 5*t + 4. Calculate x(-6).
10
Let y(u) = -3*u**2 - 3*u - 1. Determine y(-3).
-19
Let i(m) = -m**3 + 8*m**2 - 8*m - 9. What is i(7)?
-16
Let t(z) = z**3 + 10*z**2 + 6*z - 16. What is t(-9)?
11
Let l(f) = -f**2 - 17*f - 10. Give l(-12).
50
Let r(k) = -k**2 - 14*k - 11. Calculate r(-13).
2
Let v(i) = 3*i**3 - i**2 + 3. What is v(-2)?
-25
Let h(b) = 45*b - 188. Give h(4).
-8
Let g(r) = r**2 + 27*r + 44. Give g(-25).
-6
Let p(w) = 5*w - 11. Give p(-7).
-46
Let v(n) = -2*n**2 - 3*n + 1. Calculate v(0).
1
Let z(s) = 16*s - 98. Calculate z(7).
14
Let y(z) = -2*z**2 - 16*z + 72. Calculate y(-10).
32
Let h(y) = -13*y + 111. Give h(8).
7
Let f(l) = 11*l + 5. What is f(1)?
16
Let o(y) = -2*y**2 - 3*y + 5. Calculate o(4).
-39
Let i(s) = s**2 + 7*s + 5. What is i(-9)?
23
Let u(v) = v**3 - 27*v**2 - 4*v - 28. Determine u(27).
-136
Let z(t) = t + 7. Calculate z(-2).
5
Let y(j) = -j**3 + 10*j**2 - 4*j - 40. What is y(9)?
5
Let t(c) = 84*c**3 - 2*c**2 + c + 1. Calculate t(1).
84
Let s(m) = -m**2 - 20*m - 97. Give s(-6).
-13
Let q(y) = 8*y - 4. Calculate q(-2).
-20
Let v(d) = d**3 + 5*d**2 + 3*d - 1. Determine v(-4).
3
Let u(r) = -2*r**2 + 12*r - 10. Give u(5).
0
Let c(h) = 3*h**3 - 3*h**2 + 3*h - 1. What is c(1)?
2
Let m(x) = -6*x + 65. What is m(9)?
11
Let o(a) = a**2 - 9*a. Give o(9).
0
Let p(v) = v**2 + 4*v - 6. What is p(-6)?
6
Let t(k) = -k**2 - 4*k + 1. Determine t(6).
-59
Let f(b) = 27*b**3 - b - 1. Calculate f(1).
25
Let o(q) = -q**3 - 14*q**2 + 16*q + 18. Calculate o(-15).
3
Let c(g) = g**3 - g**2 - 22*g + 3. Determine c(5).
-7
Let g(r) = r**3 - 6*r**2 + 2*r - 3. Determine g(3).
-24
Let p(r) = -7*r - 26. Give p(10).
-96
Let r(j) = 2*j**3 + 68*j**2 + 63*j - 100. Calculate r(-33).
-1
Let j(o) = -22*o + 24. Determine j(-1).
46
Let u(q) = -q**3 + 33*q - 32. Determine u(-6).
-14
Let u(x) = -169*x - 1008. Determine u(-6).
6
Let t(l) = l**3 + 10*l**2 + 17*l + 16. What is t(-8)?
8
Let k(q) = 5*q**3 - 3*q**2 - 6*q - 5. What is k(-2)?
-45
Let q(m) = m**2 + 10*m - 58. Determine q(-15).
17
Let f(a) = -a + 16. Calculate f(0).
16
Let u(i) = i**3 + 17*i**2 - 22*i - 36. Calculate u(-18).
36
Let r(i) = 45*i - 100. Calculate r(2).
-10
Let o(a) = -a**2 + 2*a - 9. Give o(0).
-9
Let j(u) = 20*u**2 + 157*u - 16. Calculate j(-8).
8
Let m(q) = q + 2. Give m(6).
8
Let q(d) = d**3 + 12*d**2 + 13*d + 12. Calculate q(-11).
-10
Let c(f) = -2*f - 20. Calculate c(-11).
2
Let l(z) = z**2 + 31*z + 52. Give l(-30).
22
Let t(a) = -a**3 + 7*a**2 - 8*a + 6. What is t(5)?
16
Let g(h) = 100*h + 2. Give g(-1).
-98
Let i(s) = 6*s + 403. Give i(-68).
-5
Let s(b) = -b**2 - 15*b - 52. What is s(-8)?
4
Let t(z) = -12*z - 2. Give t(-1).
10
Let k(f) = -f + 7. Give k(12).
-5
Let r(x) = -x**3 + 8*x**2 - 7*x + 53. Determine r(8).
-3
Let a(x) = 4*x**3 - x + 1. Calculate a(1).
4
Let b(z) = -z**2 + 13*z + 8. What is b(10)?
38
Let q(h) = -6*h**3 - 2*h**2 - 3*h - 2. Determine q(-1).
5
Let c(l) = -l**2 + 25*l - 73. What is c(22)?
-7
Let j(w) = w**3 + 6*w**2 - 8*w - 2. Determine j(-7).
5
Let h(d) = -18*d + 64. What is h(4)?
-8
Let c(q) = 21*q + 10. Determine c(-2).
-32
Let v(o) = -o**2 + 29*o + 1. Calculate v(29).
1
Let h(p) = -8*p + 13. Determine h(7).
-43
Let c(l) = -l**3 + 7*l**2 - 2*l + 4. Calculate c(6).
28
Let v(d) = -d + 18. Give v(12).
6
Let s(z) = -4*z**2 - 7*z - 2. Determine s(-3).
-17
Let k(p) = 30*p + 147. Determine k(-5).
-3
Let m(h) = h**3 + 4*h**2 - 3*h - 5. Calculate m(-5).
-15
Let a(n) = -7*n + 112. Give a(13).
21
Let h(o) = o**3 + 6*o**2 - 13*o - 9. Determine h(-8).
-33
Let r(q) = 2*q**3 - 3*q**2 + 8*q - 13. Determine r(3).
38
Let x(c) = c**3 + 8*c**2 + 7*c + 10. Calculate x(-7).
10
Let p(i) = -45*i + 4. Calculate p(-1).
49
Let n(i) = i - 4. Give n(6).
2
Let b(s) = 40*s - 179. Give b(5).
21
Let k(o) = 13*o - 57. Determine k(6).
21
Let s(h) = -17*h - 92. Calculate s(-5).
-7
Let y(m) = -7*m + 1. What is y(-25)?
176
Let h(q) = 5*q + 